{"id":39,"date":"2025-10-16T15:05:16","date_gmt":"2025-10-16T15:05:16","guid":{"rendered":"https:\/\/carpento.hr\/?page_id=39"},"modified":"2025-12-04T17:31:21","modified_gmt":"2025-12-04T17:31:21","slug":"portfolio","status":"publish","type":"page","link":"https:\/\/carpento.hr\/index.php\/portfolio\/","title":{"rendered":"Portfolio"},"content":{"rendered":"\t\t<div data-elementor-type=\"wp-page\" data-elementor-id=\"39\" class=\"elementor elementor-39\" data-elementor-post-type=\"page\">\n\t\t\t\t<div class=\"elementor-element elementor-element-02b276e e-con-full e-flex e-con e-parent\" data-id=\"02b276e\" data-element_type=\"container\" data-e-type=\"container\" data-settings=\"{&quot;background_background&quot;:&quot;slideshow&quot;,&quot;background_slideshow_gallery&quot;:[{&quot;id&quot;:54,&quot;url&quot;:&quot;https:\\\/\\\/carpento.hr\\\/wp-content\\\/uploads\\\/2025\\\/10\\\/IMG_1517-scaled-e1760706692590.jpeg&quot;}],&quot;background_slideshow_loop&quot;:&quot;yes&quot;,&quot;background_slideshow_slide_duration&quot;:5000,&quot;background_slideshow_slide_transition&quot;:&quot;fade&quot;,&quot;background_slideshow_transition_duration&quot;:500}\">\n\t\t<div class=\"elementor-element elementor-element-d442f17 e-flex e-con-boxed elementor-invisible e-con e-child\" data-id=\"d442f17\" data-element_type=\"container\" data-e-type=\"container\" data-settings=\"{&quot;background_background&quot;:&quot;classic&quot;,&quot;animation&quot;:&quot;fadeInRight&quot;}\">\n\t\t\t\t\t<div class=\"e-con-inner\">\n\t\t\t\t<div class=\"elementor-element elementor-element-a14afb0 elementor-widget elementor-widget-spacer\" data-id=\"a14afb0\" data-element_type=\"widget\" data-e-type=\"widget\" data-widget_type=\"spacer.default\">\n\t\t\t\t\t\t\t<div class=\"elementor-spacer\">\n\t\t\t<div class=\"elementor-spacer-inner\"><\/div>\n\t\t<\/div>\n\t\t\t\t\t\t<\/div>\n\t\t\t\t<div class=\"elementor-element elementor-element-4021ef9 elementor-widget elementor-widget-heading\" data-id=\"4021ef9\" data-element_type=\"widget\" data-e-type=\"widget\" data-widget_type=\"heading.default\">\n\t\t\t\t\t<h1 class=\"elementor-heading-title elementor-size-default\">Na\u0161i projekti<\/h1>\t\t\t\t<\/div>\n\t\t\t\t<div class=\"elementor-element elementor-element-8156438 elementor-widget elementor-widget-heading\" data-id=\"8156438\" data-element_type=\"widget\" data-e-type=\"widget\" data-widget_type=\"heading.default\">\n\t\t\t\t\t<h1 class=\"elementor-heading-title elementor-size-default\">\u2013 namje\u0161taj po mjeri koji mijenja prostor<\/h1>\t\t\t\t<\/div>\n\t\t\t\t<div class=\"elementor-element elementor-element-26d1338 elementor-widget elementor-widget-spacer\" data-id=\"26d1338\" data-element_type=\"widget\" data-e-type=\"widget\" data-widget_type=\"spacer.default\">\n\t\t\t\t\t\t\t<div class=\"elementor-spacer\">\n\t\t\t<div class=\"elementor-spacer-inner\"><\/div>\n\t\t<\/div>\n\t\t\t\t\t\t<\/div>\n\t\t<div class=\"elementor-element elementor-element-10c28b4 e-con-full e-flex e-con e-child\" data-id=\"10c28b4\" data-element_type=\"container\" data-e-type=\"container\">\n\t\t\t\t<div class=\"elementor-element elementor-element-d9d8a54 elementor-widget elementor-widget-text-editor\" data-id=\"d9d8a54\" data-element_type=\"widget\" data-e-type=\"widget\" data-widget_type=\"text-editor.default\">\n\t\t\t\t\t\t\t\t\t<p>Svaki projekt koji radimo rezultat je pa\u017eljive komunikacije s klijentom, biranja materijala vrhunske kvalitete i precizne izrade. U nastavku pogledajte neke od na\u0161ih zavr\u0161enih projekata \u2013 od modernih kuhinja i kupaonica do ormara i dekorativnih detalja koji stvaraju luksuz u svakom domu.<\/p>\t\t\t\t\t\t\t\t<\/div>\n\t\t\t\t<\/div>\n\t\t\t\t\t<\/div>\n\t\t\t\t<\/div>\n\t\t\t\t<div class=\"elementor-element elementor-element-e17aff7 elementor-widget elementor-widget-spacer\" data-id=\"e17aff7\" data-element_type=\"widget\" data-e-type=\"widget\" data-widget_type=\"spacer.default\">\n\t\t\t\t\t\t\t<div class=\"elementor-spacer\">\n\t\t\t<div class=\"elementor-spacer-inner\"><\/div>\n\t\t<\/div>\n\t\t\t\t\t\t<\/div>\n\t\t\t\t<\/div>\n\t\t<div class=\"elementor-element elementor-element-4b0040b e-flex e-con-boxed e-con e-parent\" data-id=\"4b0040b\" data-element_type=\"container\" data-e-type=\"container\">\n\t\t\t\t\t<div class=\"e-con-inner\">\n\t\t\t\t<div class=\"elementor-element elementor-element-c25e2e1 elementor-widget elementor-widget-spacer\" data-id=\"c25e2e1\" data-element_type=\"widget\" data-e-type=\"widget\" data-widget_type=\"spacer.default\">\n\t\t\t\t\t\t\t<div class=\"elementor-spacer\">\n\t\t\t<div class=\"elementor-spacer-inner\"><\/div>\n\t\t<\/div>\n\t\t\t\t\t\t<\/div>\n\t\t\t\t\t<\/div>\n\t\t\t\t<\/div>\n\t\t<div class=\"elementor-element elementor-element-77ba16b e-flex e-con-boxed elementor-invisible e-con e-parent\" data-id=\"77ba16b\" data-element_type=\"container\" data-e-type=\"container\" data-settings=\"{&quot;animation&quot;:&quot;slideInLeft&quot;}\">\n\t\t\t\t\t<div class=\"e-con-inner\">\n\t\t<div class=\"elementor-element elementor-element-adc24cc e-con-full e-flex e-con e-child\" data-id=\"adc24cc\" data-element_type=\"container\" data-e-type=\"container\">\n\t\t\t\t<div class=\"elementor-element elementor-element-c1c41e7 elementor-widget elementor-widget-video\" data-id=\"c1c41e7\" data-element_type=\"widget\" data-e-type=\"widget\" data-settings=\"{&quot;video_type&quot;:&quot;hosted&quot;,&quot;mute&quot;:&quot;yes&quot;,&quot;controls&quot;:&quot;yes&quot;}\" data-widget_type=\"video.default\">\n\t\t\t\t\t\t\t<div class=\"e-hosted-video elementor-wrapper elementor-open-inline\">\n\t\t\t\t\t<video class=\"elementor-video\" src=\"https:\/\/carpento.hr\/wp-content\/uploads\/2025\/10\/walk-in-ormar.mp4\" controls=\"\" preload=\"metadata\" muted=\"muted\" controlsList=\"nodownload\" poster=\"https:\/\/carpento.hr\/wp-content\/uploads\/2025\/10\/1-1-scaled.jpg\"><\/video>\n\t\t\t\t<\/div>\n\t\t\t\t\t\t<\/div>\n\t\t\t\t<\/div>\n\t\t<div class=\"elementor-element elementor-element-1bf87eb e-con-full e-flex e-con e-child\" data-id=\"1bf87eb\" data-element_type=\"container\" data-e-type=\"container\">\n\t\t\t\t<div class=\"elementor-element elementor-element-43042b7 elementor-widget elementor-widget-video\" data-id=\"43042b7\" data-element_type=\"widget\" data-e-type=\"widget\" data-settings=\"{&quot;video_type&quot;:&quot;hosted&quot;,&quot;mute&quot;:&quot;yes&quot;,&quot;controls&quot;:&quot;yes&quot;}\" data-widget_type=\"video.default\">\n\t\t\t\t\t\t\t<div class=\"e-hosted-video elementor-wrapper elementor-open-inline\">\n\t\t\t\t\t<video class=\"elementor-video\" src=\"https:\/\/carpento.hr\/wp-content\/uploads\/2025\/10\/ormar-hodnik.mp4\" controls=\"\" preload=\"metadata\" muted=\"muted\" controlsList=\"nodownload\" poster=\"https:\/\/carpento.hr\/wp-content\/uploads\/2025\/10\/15-scaled.jpg\"><\/video>\n\t\t\t\t<\/div>\n\t\t\t\t\t\t<\/div>\n\t\t\t\t<\/div>\n\t\t\t\t\t<\/div>\n\t\t\t\t<\/div>\n\t\t<div class=\"elementor-element elementor-element-114ddef e-flex e-con-boxed elementor-invisible e-con e-parent\" data-id=\"114ddef\" data-element_type=\"container\" data-e-type=\"container\" data-settings=\"{&quot;animation&quot;:&quot;slideInRight&quot;}\">\n\t\t\t\t\t<div class=\"e-con-inner\">\n\t\t<div class=\"elementor-element elementor-element-e9b489d e-con-full e-flex e-con e-child\" data-id=\"e9b489d\" data-element_type=\"container\" data-e-type=\"container\">\n\t\t\t\t<div class=\"elementor-element elementor-element-a69b7b5 elementor-widget elementor-widget-video\" data-id=\"a69b7b5\" data-element_type=\"widget\" data-e-type=\"widget\" data-settings=\"{&quot;video_type&quot;:&quot;hosted&quot;,&quot;mute&quot;:&quot;yes&quot;,&quot;controls&quot;:&quot;yes&quot;}\" data-widget_type=\"video.default\">\n\t\t\t\t\t\t\t<div class=\"e-hosted-video elementor-wrapper elementor-open-inline\">\n\t\t\t\t\t<video class=\"elementor-video\" src=\"https:\/\/carpento.hr\/wp-content\/uploads\/2025\/10\/kuhinja.mp4\" controls=\"\" preload=\"metadata\" muted=\"muted\" controlsList=\"nodownload\" poster=\"https:\/\/carpento.hr\/wp-content\/uploads\/2025\/10\/18-scaled.jpg\"><\/video>\n\t\t\t\t<\/div>\n\t\t\t\t\t\t<\/div>\n\t\t\t\t<\/div>\n\t\t<div class=\"elementor-element elementor-element-a65f07d e-con-full e-flex e-con e-child\" data-id=\"a65f07d\" data-element_type=\"container\" data-e-type=\"container\">\n\t\t\t\t<div class=\"elementor-element elementor-element-a97576f elementor-widget elementor-widget-video\" data-id=\"a97576f\" data-element_type=\"widget\" data-e-type=\"widget\" data-settings=\"{&quot;video_type&quot;:&quot;hosted&quot;,&quot;mute&quot;:&quot;yes&quot;,&quot;controls&quot;:&quot;yes&quot;}\" data-widget_type=\"video.default\">\n\t\t\t\t\t\t\t<div class=\"e-hosted-video elementor-wrapper elementor-open-inline\">\n\t\t\t\t\t<video class=\"elementor-video\" src=\"https:\/\/carpento.hr\/wp-content\/uploads\/2025\/10\/blagavaonski-stol.mp4\" controls=\"\" preload=\"metadata\" muted=\"muted\" controlsList=\"nodownload\" poster=\"https:\/\/carpento.hr\/wp-content\/uploads\/2025\/10\/jura-slike-1-scaled.jpg\"><\/video>\n\t\t\t\t<\/div>\n\t\t\t\t\t\t<\/div>\n\t\t\t\t<\/div>\n\t\t\t\t\t<\/div>\n\t\t\t\t<\/div>\n\t\t<div class=\"elementor-element elementor-element-45d272e e-flex e-con-boxed e-con e-parent\" data-id=\"45d272e\" data-element_type=\"container\" data-e-type=\"container\">\n\t\t\t\t\t<div class=\"e-con-inner\">\n\t\t\t\t<div class=\"elementor-element elementor-element-d2fb25c elementor-widget elementor-widget-spacer\" data-id=\"d2fb25c\" data-element_type=\"widget\" data-e-type=\"widget\" data-widget_type=\"spacer.default\">\n\t\t\t\t\t\t\t<div class=\"elementor-spacer\">\n\t\t\t<div class=\"elementor-spacer-inner\"><\/div>\n\t\t<\/div>\n\t\t\t\t\t\t<\/div>\n\t\t\t\t\t<\/div>\n\t\t\t\t<\/div>\n\t\t<div class=\"elementor-element elementor-element-6b7cc5b e-flex e-con-boxed e-con e-parent\" data-id=\"6b7cc5b\" data-element_type=\"container\" data-e-type=\"container\">\n\t\t\t\t\t<div class=\"e-con-inner\">\n\t\t\t\t<div class=\"elementor-element elementor-element-081ea30 elementor-invisible elementor-widget elementor-widget-heading\" data-id=\"081ea30\" data-element_type=\"widget\" data-e-type=\"widget\" data-settings=\"{&quot;_animation&quot;:&quot;fadeIn&quot;}\" data-widget_type=\"heading.default\">\n\t\t\t\t\t<h2 class=\"elementor-heading-title elementor-size-default\">Inspirirani ste na\u0161im radom?<\/h2>\t\t\t\t<\/div>\n\t\t\t\t<div class=\"elementor-element elementor-element-02fe912 elementor-invisible elementor-widget elementor-widget-text-editor\" data-id=\"02fe912\" data-element_type=\"widget\" data-e-type=\"widget\" data-settings=\"{&quot;_animation&quot;:&quot;fadeIn&quot;}\" data-widget_type=\"text-editor.default\">\n\t\t\t\t\t\t\t\t\t<p>Javite nam se i zajedno \u0107emo osmisliti namje\u0161taj po mjeri koji savr\u0161eno odgovara va\u0161em prostoru.<\/p>\t\t\t\t\t\t\t\t<\/div>\n\t\t\t\t<div class=\"elementor-element elementor-element-b220c0b elementor-invisible elementor-widget elementor-widget-heading\" data-id=\"b220c0b\" data-element_type=\"widget\" data-e-type=\"widget\" data-settings=\"{&quot;_animation&quot;:&quot;slideInUp&quot;}\" data-widget_type=\"heading.default\">\n\t\t\t\t\t<p class=\"elementor-heading-title elementor-size-default\"><a href=\"https:\/\/carpento.hr\/index.php\/kontakt\/\">Kontaktirajte nas<\/a><\/p>\t\t\t\t<\/div>\n\t\t\t\t\t<\/div>\n\t\t\t\t<\/div>\n\t\t<div class=\"elementor-element elementor-element-dd66f8b e-flex e-con-boxed e-con e-parent\" data-id=\"dd66f8b\" data-element_type=\"container\" data-e-type=\"container\">\n\t\t\t\t\t<div class=\"e-con-inner\">\n\t\t\t\t<div class=\"elementor-element elementor-element-f825264 elementor-widget elementor-widget-spacer\" data-id=\"f825264\" data-element_type=\"widget\" data-e-type=\"widget\" data-widget_type=\"spacer.default\">\n\t\t\t\t\t\t\t<div class=\"elementor-spacer\">\n\t\t\t<div class=\"elementor-spacer-inner\"><\/div>\n\t\t<\/div>\n\t\t\t\t\t\t<\/div>\n\t\t\t\t\t<\/div>\n\t\t\t\t<\/div>\n\t\t\t\t<\/div>\n\t\t","protected":false},"excerpt":{"rendered":"<p>Na\u0161i projekti \u2013 namje\u0161taj po mjeri koji mijenja prostor Svaki projekt koji radimo rezultat je pa\u017eljive komunikacije s klijentom, biranja materijala vrhunske kvalitete i precizne izrade. U nastavku pogledajte neke od na\u0161ih zavr\u0161enih projekata \u2013 od modernih kuhinja i kupaonica do ormara i dekorativnih detalja koji stvaraju luksuz u svakom domu. https:\/\/carpento.hr\/wp-content\/uploads\/2025\/10\/walk-in-ormar.mp4https:\/\/carpento.hr\/wp-content\/uploads\/2025\/10\/ormar-hodnik.mp4https:\/\/carpento.hr\/wp-content\/uploads\/2025\/10\/kuhinja.mp4https:\/\/carpento.hr\/wp-content\/uploads\/2025\/10\/blagavaonski-stol.mp4 Inspirirani ste na\u0161im [&hellip;]<\/p>\n","protected":false},"author":1,"featured_media":0,"parent":0,"menu_order":0,"comment_status":"closed","ping_status":"closed","template":"","meta":{"footnotes":""},"class_list":["post-39","page","type-page","status-publish","hentry"],"yoast_head":"<!-- This site is optimized with the Yoast SEO plugin v27.3 - https:\/\/yoast.com\/product\/yoast-seo-wordpress\/ -->\n<title>Portfolio - Carpento Stolarija<\/title>\n<meta name=\"description\" content=\"Pogledajte Carpento projekte \u2013 moderne kuhinje, ormari i interijeri izra\u0111eni po mjeri. Inspirirajte se kvalitetom i pa\u017enjom na detalje.\" \/>\n<meta name=\"robots\" content=\"index, follow, max-snippet:-1, max-image-preview:large, max-video-preview:-1\" \/>\n<link rel=\"canonical\" href=\"https:\/\/carpento.hr\/index.php\/portfolio\/\" \/>\n<meta property=\"og:locale\" content=\"hr_HR\" \/>\n<meta property=\"og:type\" content=\"article\" \/>\n<meta property=\"og:title\" content=\"Portfolio - Carpento Stolarija\" \/>\n<meta property=\"og:description\" content=\"Pogledajte Carpento projekte \u2013 moderne kuhinje, ormari i interijeri izra\u0111eni po mjeri. Inspirirajte se kvalitetom i pa\u017enjom na detalje.\" \/>\n<meta property=\"og:url\" content=\"https:\/\/carpento.hr\/index.php\/portfolio\/\" \/>\n<meta property=\"og:site_name\" content=\"Carpento Stolarija\" \/>\n<meta property=\"article:modified_time\" content=\"2025-12-04T17:31:21+00:00\" \/>\n<meta name=\"twitter:card\" content=\"summary_large_image\" \/>\n<meta name=\"twitter:label1\" content=\"Procijenjeno vrijeme \u010ditanja\" \/>\n\t<meta name=\"twitter:data1\" content=\"1 minuta\" \/>\n<script type=\"application\/ld+json\" class=\"yoast-schema-graph\">{\"@context\":\"https:\\\/\\\/schema.org\",\"@graph\":[{\"@type\":\"WebPage\",\"@id\":\"https:\\\/\\\/carpento.hr\\\/index.php\\\/portfolio\\\/\",\"url\":\"https:\\\/\\\/carpento.hr\\\/index.php\\\/portfolio\\\/\",\"name\":\"Portfolio - Carpento Stolarija\",\"isPartOf\":{\"@id\":\"https:\\\/\\\/carpento.hr\\\/#website\"},\"datePublished\":\"2025-10-16T15:05:16+00:00\",\"dateModified\":\"2025-12-04T17:31:21+00:00\",\"description\":\"Pogledajte Carpento projekte \u2013 moderne kuhinje, ormari i interijeri izra\u0111eni po mjeri. Inspirirajte se kvalitetom i pa\u017enjom na detalje.\",\"breadcrumb\":{\"@id\":\"https:\\\/\\\/carpento.hr\\\/index.php\\\/portfolio\\\/#breadcrumb\"},\"inLanguage\":\"hr\",\"potentialAction\":[{\"@type\":\"ReadAction\",\"target\":[\"https:\\\/\\\/carpento.hr\\\/index.php\\\/portfolio\\\/\"]}]},{\"@type\":\"BreadcrumbList\",\"@id\":\"https:\\\/\\\/carpento.hr\\\/index.php\\\/portfolio\\\/#breadcrumb\",\"itemListElement\":[{\"@type\":\"ListItem\",\"position\":1,\"name\":\"Home\",\"item\":\"https:\\\/\\\/carpento.hr\\\/\"},{\"@type\":\"ListItem\",\"position\":2,\"name\":\"Portfolio\"}]},{\"@type\":\"WebSite\",\"@id\":\"https:\\\/\\\/carpento.hr\\\/#website\",\"url\":\"https:\\\/\\\/carpento.hr\\\/\",\"name\":\"Carpento Stolarija\",\"description\":\"\",\"publisher\":{\"@id\":\"https:\\\/\\\/carpento.hr\\\/#organization\"},\"potentialAction\":[{\"@type\":\"SearchAction\",\"target\":{\"@type\":\"EntryPoint\",\"urlTemplate\":\"https:\\\/\\\/carpento.hr\\\/?s={search_term_string}\"},\"query-input\":{\"@type\":\"PropertyValueSpecification\",\"valueRequired\":true,\"valueName\":\"search_term_string\"}}],\"inLanguage\":\"hr\"},{\"@type\":\"Organization\",\"@id\":\"https:\\\/\\\/carpento.hr\\\/#organization\",\"name\":\"Carpento Stolarija\",\"url\":\"https:\\\/\\\/carpento.hr\\\/\",\"logo\":{\"@type\":\"ImageObject\",\"inLanguage\":\"hr\",\"@id\":\"https:\\\/\\\/carpento.hr\\\/#\\\/schema\\\/logo\\\/image\\\/\",\"url\":\"https:\\\/\\\/carpento.hr\\\/wp-content\\\/uploads\\\/2025\\\/10\\\/carpento-logo-e1764867615278.png\",\"contentUrl\":\"https:\\\/\\\/carpento.hr\\\/wp-content\\\/uploads\\\/2025\\\/10\\\/carpento-logo-e1764867615278.png\",\"width\":1526,\"height\":550,\"caption\":\"Carpento Stolarija\"},\"image\":{\"@id\":\"https:\\\/\\\/carpento.hr\\\/#\\\/schema\\\/logo\\\/image\\\/\"},\"sameAs\":[\"https:\\\/\\\/www.instagram.com\\\/carpento_stolarija\\\/\"]}]}<\/script>\n<!-- \/ Yoast SEO plugin. -->","yoast_head_json":{"title":"Portfolio - Carpento Stolarija","description":"Pogledajte Carpento projekte \u2013 moderne kuhinje, ormari i interijeri izra\u0111eni po mjeri. Inspirirajte se kvalitetom i pa\u017enjom na detalje.","robots":{"index":"index","follow":"follow","max-snippet":"max-snippet:-1","max-image-preview":"max-image-preview:large","max-video-preview":"max-video-preview:-1"},"canonical":"https:\/\/carpento.hr\/index.php\/portfolio\/","og_locale":"hr_HR","og_type":"article","og_title":"Portfolio - Carpento Stolarija","og_description":"Pogledajte Carpento projekte \u2013 moderne kuhinje, ormari i interijeri izra\u0111eni po mjeri. Inspirirajte se kvalitetom i pa\u017enjom na detalje.","og_url":"https:\/\/carpento.hr\/index.php\/portfolio\/","og_site_name":"Carpento Stolarija","article_modified_time":"2025-12-04T17:31:21+00:00","twitter_card":"summary_large_image","twitter_misc":{"Procijenjeno vrijeme \u010ditanja":"1 minuta"},"schema":{"@context":"https:\/\/schema.org","@graph":[{"@type":"WebPage","@id":"https:\/\/carpento.hr\/index.php\/portfolio\/","url":"https:\/\/carpento.hr\/index.php\/portfolio\/","name":"Portfolio - Carpento Stolarija","isPartOf":{"@id":"https:\/\/carpento.hr\/#website"},"datePublished":"2025-10-16T15:05:16+00:00","dateModified":"2025-12-04T17:31:21+00:00","description":"Pogledajte Carpento projekte \u2013 moderne kuhinje, ormari i interijeri izra\u0111eni po mjeri. Inspirirajte se kvalitetom i pa\u017enjom na detalje.","breadcrumb":{"@id":"https:\/\/carpento.hr\/index.php\/portfolio\/#breadcrumb"},"inLanguage":"hr","potentialAction":[{"@type":"ReadAction","target":["https:\/\/carpento.hr\/index.php\/portfolio\/"]}]},{"@type":"BreadcrumbList","@id":"https:\/\/carpento.hr\/index.php\/portfolio\/#breadcrumb","itemListElement":[{"@type":"ListItem","position":1,"name":"Home","item":"https:\/\/carpento.hr\/"},{"@type":"ListItem","position":2,"name":"Portfolio"}]},{"@type":"WebSite","@id":"https:\/\/carpento.hr\/#website","url":"https:\/\/carpento.hr\/","name":"Carpento Stolarija","description":"","publisher":{"@id":"https:\/\/carpento.hr\/#organization"},"potentialAction":[{"@type":"SearchAction","target":{"@type":"EntryPoint","urlTemplate":"https:\/\/carpento.hr\/?s={search_term_string}"},"query-input":{"@type":"PropertyValueSpecification","valueRequired":true,"valueName":"search_term_string"}}],"inLanguage":"hr"},{"@type":"Organization","@id":"https:\/\/carpento.hr\/#organization","name":"Carpento Stolarija","url":"https:\/\/carpento.hr\/","logo":{"@type":"ImageObject","inLanguage":"hr","@id":"https:\/\/carpento.hr\/#\/schema\/logo\/image\/","url":"https:\/\/carpento.hr\/wp-content\/uploads\/2025\/10\/carpento-logo-e1764867615278.png","contentUrl":"https:\/\/carpento.hr\/wp-content\/uploads\/2025\/10\/carpento-logo-e1764867615278.png","width":1526,"height":550,"caption":"Carpento Stolarija"},"image":{"@id":"https:\/\/carpento.hr\/#\/schema\/logo\/image\/"},"sameAs":["https:\/\/www.instagram.com\/carpento_stolarija\/"]}]}},"_links":{"self":[{"href":"https:\/\/carpento.hr\/index.php\/wp-json\/wp\/v2\/pages\/39","targetHints":{"allow":["GET"]}}],"collection":[{"href":"https:\/\/carpento.hr\/index.php\/wp-json\/wp\/v2\/pages"}],"about":[{"href":"https:\/\/carpento.hr\/index.php\/wp-json\/wp\/v2\/types\/page"}],"author":[{"embeddable":true,"href":"https:\/\/carpento.hr\/index.php\/wp-json\/wp\/v2\/users\/1"}],"replies":[{"embeddable":true,"href":"https:\/\/carpento.hr\/index.php\/wp-json\/wp\/v2\/comments?post=39"}],"version-history":[{"count":79,"href":"https:\/\/carpento.hr\/index.php\/wp-json\/wp\/v2\/pages\/39\/revisions"}],"predecessor-version":[{"id":754,"href":"https:\/\/carpento.hr\/index.php\/wp-json\/wp\/v2\/pages\/39\/revisions\/754"}],"wp:attachment":[{"href":"https:\/\/carpento.hr\/index.php\/wp-json\/wp\/v2\/media?parent=39"}],"curies":[{"name":"wp","href":"https:\/\/api.w.org\/{rel}","templated":true}]}}